 prime factors of 1509.
3, 503
List the prime factors of 31455.
3, 5, 233
List the prime factors of 6882.
2, 3, 31, 37
List the prime factors of 18192.
2, 3, 379
What are the prime factors of 1915?
5, 383
List the prime factors of 773.
773
List the prime factors of 166.
2, 83
List the prime factors of 184.
2, 23
What are the prime factors of 5305?
5, 1061
What are the prime factors of 60937?
60937
List the prime factors of 867.
3, 17
What are the prime factors of 27929?
11, 2539
List the prime factors of 2179.
2179
List the prime factors of 4897.
59, 83
List the prime factors of 83962.
2, 41981
What are the prime factors of 3382?
2, 19, 89
What are the prime factors of 119?
7, 17
What are the prime factors of 75926?
2, 37963
What are the prime factors of 17132?
2, 4283
What are the prime factors of 2546?
2, 19, 67
What are the prime factors of 72?
2, 3
List the prime factors of 5825.
5, 233
What are the prime factors of 3305?
5, 661
List the prime factors of 1422.
2, 3, 79
List the prime factors of 1574.
2, 787
What are the prime factors of 754?
2, 13, 29
List the prime factors of 6313.
59, 107
List the prime factors of 56587.
71, 797
What are the prime factors of 28734?
2, 3, 4789
List the prime factors of 202.
2, 101
What are the prime factors of 20548?
2, 11, 467
What are the prime factors of 63869?
13, 17
List the prime factors of 30512.
2, 1907
List the prime factors of 96.
2, 3
What are the prime factors of 314?
2, 157
List the prime factors of 46856.
2, 5857
List the prime factors of 1819.
17, 107
What are the prime factors of 179444?
2, 113, 397
What are the prime factors of 50786?
2, 67, 379
List the prime factors of 13037.
13037
List the prime factors of 4918.
2, 2459
List the prime factors of 1503.
3, 167
What are the prime factors of 14666?
2, 7333
List the prime factors of 6507.
3, 241
What are the prime factors of 17110?
2, 5, 29, 59
What are the prime factors of 772?
2, 193
List the prime factors of 4034.
2, 2017
What are the prime factors of 8140?
2, 5, 11, 37
List the prime factors of 6854.
2, 23, 149
What are the prime factors of 3830?
2, 5, 383
List the prime factors of 100.
2, 5
List the prime factors of 11435.
5, 2287
What are the prime factors of 315?
3, 5, 7
List the prime factors of 7081.
73, 97
What are the prime factors of 13880?
2, 5, 347
List the prime factors of 151172.
2, 7, 5399
List the prime factors of 28.
2, 7
What are the prime factors of 57264?
2, 3, 1193
List the prime factors of 4121.
13, 317
List the prime factors of 523.
523
List the prime factors of 7551.
3, 839
What are the prime factors of 3?
3
What are the prime factors of 23491?
13, 139
What are the prime factors of 10674?
2, 3, 593
What are the prime factors of 1432?
2, 179
What are the prime factors of 2800?
2, 5, 7
What are the prime factors of 1756?
2, 439
What are the prime factors of 166507?
11, 15137
List the prime factors of 40588.
2, 73, 139
What are the prime factors of 26836?
2, 6709
What are the prime factors of 24675?
3, 5, 7, 47
List the prime factors of 95646.
2, 3, 19, 839
What are the prime factors of 446?
2, 223
List the prime factors of 56533.
56533
List the prime factors of 70496.
2, 2203
List the prime factors of 46.
2, 23
What are the prime factors of 1800?
2, 3, 5
List the prime factors of 445.
5, 89
What are the prime factors of 276?
2, 3, 23
What are the prime factors of 167263?
17, 9839
What are the prime factors of 64642?
2, 32321
List the prime factors of 524.
2, 131
List the prime factors of 25868.
2, 29, 223
What are the prime factors of 399?
3, 7, 19
What are the prime factors of 1165?
5, 233
What are the prime factors of 10253?
10253
List the prime factors of 2087.
2087
What are the prime factors of 27306?
2, 3, 37, 41
What are the prime factors of 5519?
5519
List the prime factors of 9453.
3, 23, 137
What are the prime factors of 3707?
11, 337
What are the prime factors of 80924?
2, 20231
List the prime factors of 1120.
2, 5, 7
What are the prime factors of 1080?
2, 3, 5
List the prime factors of 27927.
3, 29, 107
List the prime factors of 19416.
2, 3, 809
What are the prime factors of 485?
5, 97
List the prime factors of 3831.
3, 1277
What are the prime factors of 4148?
2, 17, 61
List the prime factors of 37463.
37463
What are the prime factors of 2235?
3, 5, 149
List the prime factors of 14344.
2, 11, 163
List the prime factors of 65737.
7, 9391
List the prime factors of 2990.
2, 5, 13, 23
List the prime factors of 1225.
5, 7
List the prime factors of 11500.
2, 5, 23
List the prime factors of 28412.
2, 7103
What are the prime factors of 4138?
2, 2069
List the prime factors of 8819.
8819
What are the prime factors of 1366?
2, 683
List the prime factors of 1446.
2, 3, 241
List the prime factors of 4106.
2, 2053
List the prime factors of 22730.
2, 5, 2273
What are the prime factors of 2947?
7, 421
What are the prime factors of 9773?
29, 337
List the prime factors of 74171.
17, 4363
List the prime factors of 2558.
2, 1279
List the prime factors of 5518.
2, 31, 89
What are the prime factors of 3589?
37, 97
List the prime factors of 44105.
5, 8821
What are the prime factors of 1797?
3, 599
List the prime factors of 1912.
2, 239
List the prime factors of 40634.
2, 11, 1847
List the prime factors of 63496.
2, 7937
What are the prime factors of 7352?
2, 919
What are the prime factors of 7537?
7537
List the prime factors of 586.
2, 293
List the prime factors of 1798.
2, 29, 31
What are the prime factors of 8016?
2, 3, 167
What are the prime factors of 299?
13, 23
What are the prime factors of 1279?
1279
What are the prime factors of 10568?
2, 1321
List the prime factors of 79.
79
List the prime factors of 34052.
2, 8513
List the prime factors of 6067.
6067
What are the prime factors of 289?
17
What are the prime factors of 15791?
15791
List the prime factors of 751.
751
List the prime factors of 262.
2, 131
What are the prime factors of 35050?
2, 5, 701
List the prime factors of 16562.
2, 7, 13
What are the prime factors of 749?
7, 107
List the prime factors of 67285.
5, 13457
List the prime factors of 42459.
3, 14153
What are the prime factors of 2472?
2, 3, 103
List the prime factors of 2754.
2, 3, 17
List the prime factors of 116320.
2, 5, 727
What are the prime factors of 231?
3, 7, 11
What are the prime factors of 870?
2, 3, 5, 29
What are the prime factors of 94019?
149, 631
What are the prime factors of 5006?
2, 2503
What are the prime factors of 3321?
3, 41
List the prime factors of 5837.
13, 449
What are the prime factors of 1021?
1021
What are the prime factors of 17425?
5, 17, 41
What are the prime factors of 438?
2, 3, 73
List the prime factors of 87354.
2, 3, 23, 211
What are the prime factors of 5166?
2, 3, 7, 41
What are the prime factors of 27792?
2, 3, 193
List the prime factors of 453.
3, 151
List the prime factors of 29632.
2, 463
List the prime factors of 19503.
3, 11, 197
List the prime factors of 12589.
12589
List the prime factors of 3944.
2, 17, 29
What are the prime factors of 22626?
2, 3, 419
List the prime factors of 39.
3, 13
What are the prime factors of 1251?
3, 139
What are the prime factors of 1378?
2, 13, 53
What are the prime factors of 21940?
2, 5, 1097
List the prime factors of 208.
2, 13
List the prime factors of 36930.
2, 3, 5, 1231
What are the prime factors of 38600?
2, 5, 193
List the prime factors of 13380.
2, 3, 5, 223
What are the prime factors of 1447?
1447
What are the prime factors of 6?
2, 3
What are the prime factors of 7628?
2, 1907
What are the prime factors of 83744?
2, 2617
List the prime factors of 2797.
2797
What are the prime factors of 2809?
53
What are the prime factors of 130?
2, 5, 13
What are the prime factors of 54678?
2, 3, 13, 701
List the prime factors of 1157.
13, 89
List the prime factors of 167.
167
List the prime factors of 7621.
7621
What are the prime factors of 8446?
2, 41, 103
What are the prime factors of 1184?
2, 37
What are the prime factors of 1253?
7, 179
List the prime factors of 1985.
5, 397
What are the prime factors of 935?
5, 11, 17
List the prime factors of 73322.
2, 61, 601
List the prime factors of 370.
2, 5, 37
What are the prime factors of 30543?
3, 10181
What are the prime factors of 822?
2, 3, 137
What are the prime factors of 2971